 factors of 39387.
3, 19, 691
What are the prime factors of 2612916?
2, 3, 181, 401
What are the prime factors of 178221?
3, 59407
List the prime factors of 312866.
2, 311, 503
What are the prime factors of 9427028?
2, 13, 199, 911
What are the prime factors of 24083870?
2, 5, 43, 56009
List the prime factors of 11433896.
2, 19, 75223
List the prime factors of 254472.
2, 3, 23, 461
List the prime factors of 33321.
3, 29, 383
What are the prime factors of 530749?
43, 12343
List the prime factors of 17280348.
2, 3, 19, 3989
List the prime factors of 1209900.
2, 3, 5, 37, 109
List the prime factors of 98962.
2, 49481
List the prime factors of 6333810.
2, 3, 5, 7, 30161
List the prime factors of 445247.
11, 17, 2381
What are the prime factors of 241940?
2, 5, 12097
List the prime factors of 5014362.
2, 3, 83, 10069
What are the prime factors of 222456?
2, 3, 13, 23, 31
List the prime factors of 4046571.
3, 149873
What are the prime factors of 6050246?
2, 19, 113, 1409
List the prime factors of 336483.
3, 7, 109
What are the prime factors of 6615207?
3, 601, 1223
What are the prime factors of 403287?
3, 179, 751
List the prime factors of 12697418.
2, 29, 7549
What are the prime factors of 3736516?
2, 7, 133447
What are the prime factors of 408359?
7, 58337
What are the prime factors of 24432?
2, 3, 509
List the prime factors of 3333111.
3, 109, 10193
List the prime factors of 4589266.
2, 11, 337, 619
List the prime factors of 19987696.
2, 19, 37, 1777
List the prime factors of 8393537.
229, 36653
List the prime factors of 693795.
3, 5, 23, 2011
List the prime factors of 444687.
3, 148229
List the prime factors of 94726.
2, 47363
What are the prime factors of 360128?
2, 17, 331
List the prime factors of 1120194.
2, 3, 62233
What are the prime factors of 6196474?
2, 3098237
List the prime factors of 2712169.
53, 73, 701
What are the prime factors of 17465364?
2, 3, 7, 9901
What are the prime factors of 553817?
11, 23, 199
What are the prime factors of 3256421?
7, 89, 5227
What are the prime factors of 7659193?
2213, 3461
What are the prime factors of 7381276?
2, 7, 239, 1103
List the prime factors of 194054.
2, 7, 83, 167
List the prime factors of 115559.
73, 1583
List the prime factors of 345745.
5, 69149
What are the prime factors of 245152?
2, 47, 163
List the prime factors of 16309.
47, 347
What are the prime factors of 4428957?
3, 13, 19, 43, 139
List the prime factors of 303550.
2, 5, 13, 467
List the prime factors of 737535.
3, 5, 49169
List the prime factors of 1240728.
2, 3, 17, 3041
List the prime factors of 3586400.
2, 5, 4483
List the prime factors of 26993734.
2, 149, 90583
List the prime factors of 3928473.
3, 83, 1753
What are the prime factors of 777349?
777349
What are the prime factors of 1377856?
2, 21529
List the prime factors of 843085.
5, 168617
List the prime factors of 160569.
3, 19, 313
List the prime factors of 3195904.
2, 3121
List the prime factors of 750922.
2, 307, 1223
List the prime factors of 1537039.
7, 219577
What are the prime factors of 13156163?
13156163
List the prime factors of 297948.
2, 3, 7, 3547
List the prime factors of 322866.
2, 3, 1993
List the prime factors of 134503.
134503
List the prime factors of 269342.
2, 137, 983
List the prime factors of 359723.
7, 13, 59, 67
What are the prime factors of 13938635?
5, 2787727
List the prime factors of 392420.
2, 5, 7, 2803
What are the prime factors of 4787628?
2, 3, 398969
What are the prime factors of 16389505?
5, 11, 297991
What are the prime factors of 8795931?
3, 977, 3001
List the prime factors of 1168019.
17, 127, 541
What are the prime factors of 395286?
2, 3, 65881
What are the prime factors of 12627402?
2, 3, 2104567
What are the prime factors of 139215?
3, 5, 9281
What are the prime factors of 27810042?
2, 3, 13, 109, 3271
List the prime factors of 3265919.
1171, 2789
List the prime factors of 24675551.
17, 541, 2683
List the prime factors of 4607105.
5, 251, 3671
List the prime factors of 3877735.
5, 29, 47, 569
List the prime factors of 251635.
5, 59, 853
What are the prime factors of 9304371?
3, 31, 33349
List the prime factors of 341001.
3, 37889
List the prime factors of 384707.
311, 1237
What are the prime factors of 736097?
736097
What are the prime factors of 320761?
7, 45823
List the prime factors of 248612.
2, 7, 13, 683
List the prime factors of 3774304.
2, 79, 1493
List the prime factors of 21426127.
89, 240743
What are the prime factors of 1117740?
2, 3, 5, 13, 1433
What are the prime factors of 289375?
5, 463
List the prime factors of 8977591.
7, 1282513
What are the prime factors of 1224392?
2, 13, 61, 193
What are the prime factors of 355700?
2, 5, 3557
List the prime factors of 200183.
200183
List the prime factors of 308963.
509, 607
List the prime factors of 414655.
5, 127, 653
List the prime factors of 6434072.
2, 804259
What are the prime factors of 773365?
5, 137, 1129
List the prime factors of 923012.
2, 29, 73, 109
What are the prime factors of 131134?
2, 173, 379
What are the prime factors of 182448?
2, 3, 7, 181
What are the prime factors of 108573?
3, 36191
What are the prime factors of 29619429?
3, 7, 1410449
What are the prime factors of 350544?
2, 3, 67, 109
What are the prime factors of 472248?
2, 3, 7, 937
What are the prime factors of 826127?
607, 1361
What are the prime factors of 507611?
13, 39047
List the prime factors of 166232.
2, 11, 1889
What are the prime factors of 5883?
3, 37, 53
What are the prime factors of 316278?
2, 3, 5857
What are the prime factors of 447007?
11, 40637
What are the prime factors of 160082?
2, 13, 47, 131
What are the prime factors of 9457161?
3, 7, 29, 53, 293
What are the prime factors of 3113094?
2, 3, 211, 2459
List the prime factors of 290298.
2, 3, 48383
What are the prime factors of 372140?
2, 5, 23, 809
List the prime factors of 1564412.
2, 391103
What are the prime factors of 162037?
31, 5227
List the prime factors of 230363.
7, 32909
List the prime factors of 837220.
2, 5, 41, 1021
What are the prime factors of 5948967?
3, 1982989
What are the prime factors of 12484632?
2, 3, 520193
What are the prime factors of 303376?
2, 67, 283
List the prime factors of 311403.
3, 103801
What are the prime factors of 674532?
2, 3, 41, 457
What are the prime factors of 562275?
3, 5, 7, 17
List the prime factors of 88558.
2, 44279
List the prime factors of 362052.
2, 3, 89, 113
What are the prime factors of 275915?
5, 139, 397
List the prime factors of 2018899.
2018899
What are the prime factors of 300712?
2, 37589
What are the prime factors of 11445882?
2, 3, 7, 31, 59, 149
What are the prime factors of 33134577?
3, 7, 47, 59, 569
List the prime factors of 23904296.
2, 13, 229849
List the prime factors of 5638863.
3, 1879621
What are the prime factors of 4542771?
3, 31, 48847
List the prime factors of 5467001.
1091, 5011
What are the prime factors of 200940?
2, 3, 5, 17, 197
List the prime factors of 523034.
2, 103, 2539
What are the prime factors of 63466?
2, 13, 2441
What are the prime factors of 1107688?
2, 138461
List the prime factors of 20556206.
2, 11, 173, 491
List the prime factors of 280795.
5, 89, 631
List the prime factors of 4865609.
7, 695087
List the prime factors of 218256.
2, 3, 4547
List the prime factors of 6026993.
7, 17, 50647
What are the prime factors of 1496533?
1496533
What are the prime factors of 25928?
2, 7, 463
List the prime factors of 75089.
7, 17, 631
List the prime factors of 241386.
2, 3, 40231
What are the prime factors of 948492?
2, 3, 26347
List the prime factors of 427312.
2, 17, 1571
List the prime factors of 15677342.
2, 29, 270299
What are the prime factors of 91168?
2, 7, 11, 37
List the prime factors of 3108590.
2, 5, 19, 16361
What are the prime factors of 13189146?
2, 3, 2198191
What are the prime factors of 161702?
2, 233, 347
What are the prime factors of 7168748?
2, 433, 4139
List the prime factors of 7741607.
19, 433, 941
What are the prime factors of 659837?
29, 61, 373
List the prime factors of 282751.
7, 31, 1303
What are the prime factors of 2456011?
2456011
What are the prime factors of 36737?
17, 2161
List the prime factors of 224639.
41, 5479
What are the prime factors of 55610?
2, 5, 67, 83
What are the prime factors of 1627784?
2